{"id":212,"date":"2022-06-12T09:09:07","date_gmt":"2022-06-12T09:09:07","guid":{"rendered":"https:\/\/papelorios.es\/?page_id=212"},"modified":"2022-10-24T12:51:50","modified_gmt":"2022-10-24T10:51:50","slug":"celiacos","status":"publish","type":"page","link":"https:\/\/papelorios.es\/index.php\/prestaciones\/celiacos\/","title":{"rendered":"Cel\u00edacos"},"content":{"rendered":"<div data-colibri-id=\"212-c1\" class=\"style-806 style-local-212-c1 position-relative\">\n  <!---->\n  <div data-colibri-component=\"section\" data-colibri-id=\"212-c2\" id=\"content\" class=\"h-section h-section-global-spacing d-flex align-items-lg-center align-items-md-center align-items-center style-807 style-local-212-c2 h-overflow-hidden position-relative\">\n    <!---->\n    <!---->\n    <div class=\"h-section-grid-container h-section-fluid-container\">\n      <!---->\n      <div data-colibri-id=\"212-c3\" class=\"h-row-container gutters-row-lg-1 gutters-row-md-1 gutters-row-2 gutters-row-v-lg-1 gutters-row-v-md-1 gutters-row-v-2 style-808 style-local-212-c3 position-relative\">\n        <!---->\n        <div class=\"h-row justify-content-lg-center justify-content-md-center justify-content-center align-items-lg-stretch align-items-md-stretch align-items-stretch gutters-col-lg-1 gutters-col-md-1 gutters-col-2 gutters-col-v-lg-1 gutters-col-v-md-1 gutters-col-v-2\">\n          <!---->\n          <div class=\"h-column h-column-container d-flex h-col-lg-auto h-col-md-auto h-col-auto style-810-outer style-local-212-c4-outer\">\n            <div data-colibri-id=\"212-c4\" class=\"d-flex h-flex-basis h-column__inner h-px-lg-1 h-px-md-1 h-px-0 v-inner-lg-1 v-inner-md-1 v-inner-1 style-810 style-local-212-c4 position-relative\">\n              <!---->\n              <!---->\n              <div class=\"w-100 h-y-container h-column__content h-column__v-align flex-basis-auto align-self-lg-start align-self-md-start align-self-start\">\n                <!---->\n                <div data-colibri-id=\"212-c5\" class=\"h-global-transition-all h-heading style-811 style-local-212-c5 position-relative h-element\">\n                  <!---->\n                  <div class=\"h-heading__outer style-811 style-local-212-c5\">\n                    <!---->\n                    <!---->\n                    <h4 class=\"\">exclusiva! exclusiva! los unicos que le ofrecen el <span data-animation-duration=\"1.6\" data-type-animation=\"clip\" data-colibri-component=\"fancy-title\"><span class=\"ah-headline clip\"><span style=\"position: relative\" class=\"ah-words-wrapper\"><b class=\"is-visible\">papelico<\/b><b>papelorio<\/b><b>papeluzo<\/b><\/span><\/span>\n                      <\/span>\n                      de unidad familiar<\/h4>\n                  <\/div>\n                <\/div>\n                <div data-colibri-id=\"212-c6\" class=\"h-global-transition-all h-heading style-1736 style-local-212-c6 position-relative h-element\">\n                  <!---->\n                  <div class=\"h-heading__outer style-1736 style-local-212-c6\">\n                    <!---->\n                    <!---->\n                    <h4 class=\"\">Para gran disgusto m\u00edo, han incorporado el papelico a la solicitud. Fin de la exclusiva \ud83d\ude41<\/h4>\n                  <\/div>\n                <\/div>\n                <div data-colibri-id=\"212-c7\" class=\"h-global-transition-all h-heading style-812 style-local-212-c7 position-relative h-element\">\n                  <!---->\n                  <div class=\"h-heading__outer style-812 style-local-212-c7\">\n                    <!---->\n                    <!---->\n                    <h2 class=\"\">Papeles<\/h2>\n                  <\/div>\n                <\/div>\n                <div data-colibri-id=\"212-c8\" class=\"h-text h-text-component style-813 style-local-212-c8 position-relative h-element\">\n                  <!---->\n                  <!---->\n                  <div class=\"\">\n                    <p>Lo que tienen que traer y como lo miramos.<\/p>\n                  <\/div>\n                <\/div>\n                <div data-colibri-id=\"212-c9\" class=\"h-row-container gutters-row-lg-1 gutters-row-md-1 gutters-row-0 gutters-row-v-lg-1 gutters-row-v-md-1 gutters-row-v-0 style-814 style-local-212-c9 position-relative\">\n                  <!---->\n                  <div class=\"h-row justify-content-lg-center justify-content-md-center justify-content-center align-items-lg-start align-items-md-start align-items-start gutters-col-lg-1 gutters-col-md-1 gutters-col-0 gutters-col-v-lg-1 gutters-col-v-md-1 gutters-col-v-0\">\n                    <!---->\n                    <div class=\"h-column h-column-container d-flex h-col-lg-auto h-col-md-auto h-col-auto align-self-lg-start align-self-md-start align-self-start style-815-outer style-local-212-c10-outer\">\n                      <div data-colibri-id=\"212-c10\" class=\"d-flex h-flex-basis h-column__inner h-px-lg-1 h-px-md-1 h-px-2 v-inner-lg-1 v-inner-md-1 v-inner-2 style-815 style-local-212-c10 position-relative\">\n                        <!---->\n                        <!---->\n                        <div class=\"w-100 h-y-container h-column__content h-column__v-align flex-basis-100 align-self-lg-start align-self-md-start align-self-start\">\n                          <!---->\n                          <div data-colibri-id=\"212-c11\" class=\"h-global-transition-all h-heading style-816 style-local-212-c11 position-relative h-element\">\n                            <!---->\n                            <div class=\"h-heading__outer style-816 style-local-212-c11\">\n                              <!---->\n                              <!---->\n                              <h5 class=\"\">solicitud<\/h5>\n                            <\/div>\n                          <\/div>\n                          <div data-colibri-id=\"212-c12\" class=\"h-text h-text-component style-817 style-local-212-c12 position-relative h-element\">\n                            <!---->\n                            <!---->\n                            <div class=\"\">\n                              <p>Que han firmado todas las autorizaciones<\/p>\n                              <p>Que la cuenta tiene 24 d\u00edgitos<\/p>\n                              <p>\n                                <br>\n                              <\/p>\n                            <\/div>\n                          <\/div>\n                          <div data-colibri-id=\"212-c13\" class=\"h-x-container style-818 style-local-212-c13 position-relative h-element\">\n                            <!---->\n                            <div class=\"h-x-container-inner style-dynamic-212-c13-group style-818-spacing style-local-212-c13-spacing\"><span class=\"h-button__outer style-819-outer style-local-212-c14-outer d-inline-flex h-element\"><a h-use-smooth-scroll=\"true\" href=\"https:\/\/www.muface.es\/dam\/jcr:5c885700-9447-488c-9ccc-6a9338ba57d5\/solicitud_ayudas_enfermos_celiacos_DPS_34601.pdf\"  data-colibri-id=\"212-c14\" class=\"d-flex w-100 align-items-center h-button justify-content-lg-center justify-content-md-center justify-content-center style-819 style-local-212-c14 position-relative\"><!----><!----> <span>Solicitud<\/span><\/a>\n                              <\/span>\n                            <\/div>\n                          <\/div>\n                        <\/div>\n                      <\/div>\n                    <\/div>\n                    <div class=\"h-column h-column-container d-flex h-col-lg-auto h-col-md-auto h-col-auto align-self-lg-start align-self-md-start align-self-start style-815-outer style-local-212-c15-outer\">\n                      <div data-colibri-id=\"212-c15\" class=\"d-flex h-flex-basis h-column__inner h-px-lg-1 h-px-md-1 h-px-2 v-inner-lg-1 v-inner-md-1 v-inner-2 style-815 style-local-212-c15 position-relative\">\n                        <!---->\n                        <!---->\n                        <div class=\"w-100 h-y-container h-column__content h-column__v-align flex-basis-100 align-self-lg-start align-self-md-start align-self-start\">\n                          <!---->\n                          <div data-colibri-id=\"212-c16\" class=\"h-global-transition-all h-heading style-816 style-local-212-c16 position-relative h-element\">\n                            <!---->\n                            <div class=\"h-heading__outer style-816 style-local-212-c16\">\n                              <!---->\n                              <!---->\n                              <h5 class=\"\">informe m\u00e9dico<\/h5>\n                            <\/div>\n                          <\/div>\n                          <div data-colibri-id=\"212-c17\" class=\"h-text h-text-component style-817 style-local-212-c17 position-relative h-element\">\n                            <!---->\n                            <!---->\n                            <div class=\"\">\n                              <p>Que es el nuevo de trinca de este a\u00f1o. Lo firma el especialista, lo firma el de familia, lo firma mi morena con las &#8230;.<\/p>\n                              <p>\n                                <br>\n                              <\/p>\n                            <\/div>\n                          <\/div>\n                          <div data-colibri-id=\"212-c18\" class=\"h-x-container style-820 style-local-212-c18 position-relative h-element\">\n                            <!---->\n                            <div class=\"h-x-container-inner style-dynamic-212-c18-group style-820-spacing style-local-212-c18-spacing\"><span class=\"h-button__outer style-821-outer style-local-212-c19-outer d-inline-flex h-element\"><a h-use-smooth-scroll=\"true\" href=\"https:\/\/www.muface.es\/dam\/jcr:64069f80-f37f-4cbd-a779-8667001ee455\/informe_medico_DPS_34602.pdf\"  data-colibri-id=\"212-c19\" class=\"d-flex w-100 align-items-center h-button justify-content-lg-center justify-content-md-center justify-content-center style-821 style-local-212-c19 position-relative\"><!----><!----> <span>Informe<\/span><\/a>\n                              <\/span>\n                            <\/div>\n                          <\/div>\n                        <\/div>\n                      <\/div>\n                    <\/div>\n                    <div class=\"h-column h-column-container d-flex h-col-lg-auto h-col-md-auto h-col-auto align-self-lg-start align-self-md-start align-self-start style-815-outer style-local-212-c20-outer\">\n                      <div data-colibri-id=\"212-c20\" class=\"d-flex h-flex-basis h-column__inner h-px-lg-1 h-px-md-1 h-px-2 v-inner-lg-1 v-inner-md-1 v-inner-2 style-815 style-local-212-c20 position-relative\">\n                        <!---->\n                        <!---->\n                        <div class=\"w-100 h-y-container h-column__content h-column__v-align flex-basis-100 align-self-lg-start align-self-md-start align-self-start\">\n                          <!---->\n                          <div data-colibri-id=\"212-c21\" class=\"h-global-transition-all h-heading style-816 style-local-212-c21 position-relative h-element\">\n                            <!---->\n                            <div class=\"h-heading__outer style-816 style-local-212-c21\">\n                              <!---->\n                              <!---->\n                              <h5 class=\"\">unidad familiar<\/h5>\n                            <\/div>\n                          <\/div>\n                          <div data-colibri-id=\"212-c22\" class=\"h-text h-text-component style-817 style-local-212-c22 position-relative h-element\">\n                            <!---->\n                            <!---->\n                            <div class=\"\">\n                              <p>Nada, ya no se hace na\u00edca n\u00e1 con \u00e9l. Qu\u00e9 disgusto, se\u00f1or. Pues qu\u00edtalo. Pues no, que se me descompensa y tengo que recolocar<\/p>\n                              <p>\n                                <br>\n                              <\/p>\n                            <\/div>\n                          <\/div>\n                          <div data-colibri-id=\"212-c23\" class=\"h-x-container style-822 style-local-212-c23 position-relative h-element\">\n                            <!---->\n                            <div class=\"h-x-container-inner style-dynamic-212-c23-group style-822-spacing style-local-212-c23-spacing\"><span class=\"h-button__outer style-823-outer style-local-212-c24-outer d-inline-flex h-element\"><a h-use-smooth-scroll=\"true\" href=\"https:\/\/www.google.com\/url?q=https%3A%2F%2Fimg1.wsimg.com%2Fblobby%2Fgo%2F8ad2a2dc-1178-4a74-a74d-aad22b164d9d%2Fdownloads%2Fceliacos%2520unidad%2520familiar.pdf%3Fver%3D1654517547600&amp;sa=D&amp;sntz=1&amp;usg=AOvVaw1oB_eHUOMoSPAVygsEj5OF\"  data-colibri-id=\"212-c24\" class=\"d-flex w-100 align-items-center h-button justify-content-lg-center justify-content-md-center justify-content-center style-823 style-local-212-c24 position-relative\"><!----><!----> <span>Unidad familiar<\/span><\/a>\n                              <\/span>\n                            <\/div>\n                          <\/div>\n                        <\/div>\n                      <\/div>\n                    <\/div>\n                  <\/div>\n                <\/div>\n              <\/div>\n            <\/div>\n          <\/div>\n        <\/div>\n      <\/div>\n      <div data-colibri-id=\"212-c25\" class=\"h-row-container gutters-row-lg-2 gutters-row-md-2 gutters-row-0 gutters-row-v-lg-2 gutters-row-v-md-2 gutters-row-v-2 style-1737 style-local-212-c25 position-relative\">\n        <!---->\n        <div class=\"h-row justify-content-lg-center justify-content-md-center justify-content-center align-items-lg-stretch align-items-md-stretch align-items-stretch gutters-col-lg-2 gutters-col-md-2 gutters-col-0 gutters-col-v-lg-2 gutters-col-v-md-2 gutters-col-v-2\">\n          <!---->\n          <div class=\"h-column h-column-container d-flex h-col-lg-auto h-col-md-auto h-col-auto style-1739-outer style-local-212-c26-outer\">\n            <div data-colibri-id=\"212-c26\" class=\"d-flex h-flex-basis h-column__inner h-px-lg-2 h-px-md-2 h-px-2 v-inner-lg-2 v-inner-md-2 v-inner-2 style-1739 style-local-212-c26 position-relative\">\n              <!---->\n              <!---->\n              <div class=\"w-100 h-y-container h-column__content h-column__v-align flex-basis-100 align-self-lg-start align-self-md-start align-self-start\">\n                <!---->\n                <div data-colibri-id=\"212-c27\" class=\"h-text h-text-component style-1740 style-local-212-c27 position-relative h-element\">\n                  <!---->\n                  <!---->\n                  <div class=\"\">\n                    <p><strong style=\"font-family: Arial; color: rgb(0, 0, 0);\">En el mundo real<\/strong><\/p>\n                    <p><span style=\"font-family: Arial; color: rgb(0, 0, 0);\">Se escanea todo, todo por separado<\/span><\/p>\n                    <p><strong style=\"font-family: Arial; color: rgb(0, 0, 0);\">En Sigma<\/strong><\/p>\n                    <p><span style=\"font-family: Arial; color: rgb(0, 0, 0);\">Ya no se comprueba cuerpo ni jubilaci\u00f3n porque ya no cuenta la acci\u00f3n social<\/span><\/p>\n                    <p><span style=\"font-family: Arial; color: rgb(0, 0, 0);\">Alta de expedientes<\/span><\/p>\n                    <p><span style=\"font-family: Arial; color: rgb(0, 0, 0);\">15SS8 (ayuda enfermos cel\u00edacos)<\/span><\/p>\n                    <p><span style=\"font-family: Arial; color: rgb(0, 0, 0);\">Marcar verde<\/span><\/p>\n                    <p><span style=\"font-family: Arial; color: rgb(0, 0, 0);\">Marcar documentaci\u00f3n digital<\/span><\/p>\n                    <p><span style=\"font-family: Arial; color: rgb(0, 0, 0);\">Introducir el n\u00famero de afiliaci\u00f3n y Intro<\/span><\/p>\n                  <\/div>\n                <\/div>\n              <\/div>\n            <\/div>\n          <\/div>\n        <\/div>\n      <\/div>\n      <div data-colibri-id=\"212-c28\" class=\"h-row-container gutters-row-lg-2 gutters-row-md-2 gutters-row-0 gutters-row-v-lg-2 gutters-row-v-md-2 gutters-row-v-2 style-824 style-local-212-c28 position-relative\">\n        <!---->\n        <div class=\"h-row justify-content-lg-center justify-content-md-center justify-content-center align-items-lg-stretch align-items-md-stretch align-items-stretch gutters-col-lg-2 gutters-col-md-2 gutters-col-0 gutters-col-v-lg-2 gutters-col-v-md-2 gutters-col-v-2\">\n          <!---->\n          <div class=\"h-column h-column-container d-flex h-col-lg-auto h-col-md-auto h-col-auto style-825-outer style-local-212-c29-outer\">\n            <div data-colibri-id=\"212-c29\" class=\"d-flex h-flex-basis h-column__inner h-px-lg-2 h-px-md-2 h-px-2 v-inner-lg-2 v-inner-md-2 v-inner-2 style-825 style-local-212-c29 position-relative\">\n              <!---->\n              <!---->\n              <div class=\"w-100 h-y-container h-column__content h-column__v-align flex-basis-auto align-self-lg-start align-self-md-start align-self-start\">\n                <!---->\n                <div data-colibri-id=\"212-c30\" class=\"d-block style-828 style-local-212-c30 position-relative h-element\">\n                  <!---->\n                  <div class=\"h-image__frame-container-outer\">\n                    <div class=\"h-image__frame-container\">\n                      <!---->\n                      <!---->\n                      <img decoding=\"async\" width=\"1240\" height=\"662\" data-src=\"https:\/\/papelorios.es\/wp-content\/uploads\/2022\/06\/celiacos01.jpg\" class=\"wp-image-592 style-828-image style-local-212-c30-image lazyload\" alt=\"\" data-srcset=\"https:\/\/papelorios.es\/wp-content\/uploads\/2022\/06\/celiacos01.jpg 1240w, https:\/\/papelorios.es\/wp-content\/uploads\/2022\/06\/celiacos01-300x160.jpg 300w, https:\/\/papelorios.es\/wp-content\/uploads\/2022\/06\/celiacos01-1024x547.jpg 1024w, https:\/\/papelorios.es\/wp-content\/uploads\/2022\/06\/celiacos01-768x410.jpg 768w\" data-sizes=\"(max-width: 1240px) 100vw, 1240px\" src=\"data:image\/svg+xml;base64,PHN2ZyB3aWR0aD0iMSIgaGVpZ2h0PSIxIiB4bWxucz0iaHR0cDovL3d3dy53My5vcmcvMjAwMC9zdmciPjwvc3ZnPg==\" style=\"--smush-placeholder-width: 1240px; --smush-placeholder-aspect-ratio: 1240\/662;\" \/>\n                      <div class=\"h-image__frame h-hide-lg h-hide-md h-hide-sm style-828-frameImage style-local-212-c30-frameImage\"><\/div>\n                    <\/div>\n                  <\/div>\n                <\/div>\n                <div data-colibri-id=\"212-c31\" class=\"h-row-container gutters-row-lg-2 gutters-row-md-2 gutters-row-0 gutters-row-v-lg-2 gutters-row-v-md-2 gutters-row-v-2 style-835 style-local-212-c31 position-relative\">\n                  <!---->\n                  <div class=\"h-row justify-content-lg-center justify-content-md-center justify-content-center align-items-lg-stretch align-items-md-stretch align-items-stretch gutters-col-lg-2 gutters-col-md-2 gutters-col-0 gutters-col-v-lg-2 gutters-col-v-md-2 gutters-col-v-2\">\n                    <!---->\n                    <div class=\"h-column h-column-container d-flex h-col-lg-auto h-col-md-auto h-col-auto style-837-outer style-local-212-c32-outer\">\n                      <div data-colibri-id=\"212-c32\" class=\"d-flex h-flex-basis h-column__inner h-px-lg-2 h-px-md-2 h-px-2 v-inner-lg-2 v-inner-md-2 v-inner-2 style-837 style-local-212-c32 position-relative\">\n                        <!---->\n                        <!---->\n                        <div class=\"w-100 h-y-container h-column__content h-column__v-align flex-basis-auto align-self-lg-start align-self-md-start align-self-start\">\n                          <!---->\n                          <div data-colibri-id=\"212-c33\" class=\"h-text h-text-component style-839 style-local-212-c33 position-relative h-element\">\n                            <!---->\n                            <!---->\n                            <div class=\"\">\n                              <p><span style=\"font-family: Arial; color: rgb(0, 0, 0);\">Comprobamos que es el mismo se\u00f1or<\/span><\/p>\n                              <p><span style=\"font-family: Arial; color: rgb(0, 0, 0);\">Perceptores: se a\u00f1ade la cuenta o se escoge la que es si la tiene de antes. En direcci\u00f3n notificaci\u00f3n se marca Notificar transferencia por email a ver si hubiera suerte y tuviera uno puesto. Si no sale ninguno pero tiene uno en la solicitud se rellena. Si no hay y no ha puesto, se desmarca y se deprime uno. Se graba.<\/span><\/p>\n                              <p><strong style=\"font-family: Arial; color: rgb(0, 0, 0);\">Pesta\u00f1a prestaciones<\/strong><\/p>\n                              <p><span style=\"font-family: Arial; color: rgb(0, 0, 0);\">Se le da al + Se pone el causante, en datos propios se escribe la fecha de <\/span><span style=\"font-family: Arial; color: rgb(0, 0, 0); font-size: 129%;\">INICIO DE LA ENFERMEDAD<\/span>\n                                <span\n                                  style=\"font-family: Arial; color: rgb(0, 0, 0);\"> donde pone fecha del informe, de hecho la fecha en que se hace el informe NO SE PONE EN NING\u00daN SITIO. Que solo vive una persona en su casa y pasa el a\u00f1o con un euro.<\/span>\n                              <\/p>\n                              <p><span style=\"font-family: Arial; color: rgb(0, 0, 0);\">Se van subiendo los documentos que escaneamos antes. La solicitud en solicitud, el informe en informe y el papelorio de unidad familiar en otros documentos.<\/span><\/p>\n                              <p><span style=\"font-family: Arial; color: rgb(0, 0, 0);\">Se valora y se graba.<\/span><\/p>\n                              <p><strong style=\"font-family: Arial; color: rgb(0, 0, 0);\">Al papel otra vez<\/strong><\/p>\n                              <p><span style=\"font-family: Arial; color: rgb(0, 0, 0);\">Se apunta el n\u00famero de expediente en el papel<\/span><\/p>\n                              <p>\n                                <br>\n                              <\/p>\n                            <\/div>\n                          <\/div>\n                        <\/div>\n                      <\/div>\n                    <\/div>\n                  <\/div>\n                <\/div>\n              <\/div>\n            <\/div>\n          <\/div>\n        <\/div>\n      <\/div>\n    <\/div>\n  <\/div>\n<\/div>","protected":false},"excerpt":{"rendered":"<p>exclusiva! exclusiva! los unicos que le ofrecen el papelicopapeloriopapeluzo de unidad familiar Para gran disgusto m\u00edo, han incorporado el papelico a la solicitud. Fin de la exclusiva \ud83d\ude41 Papeles Lo que tienen que traer y como lo miramos. solicitud Que han firmado todas las autorizaciones Que la cuenta tiene 24 d\u00edgitos Solicitud informe m\u00e9dico Que [&hellip;]<\/p>\n","protected":false},"author":1,"featured_media":0,"parent":39,"menu_order":0,"comment_status":"closed","ping_status":"closed","template":"page-templates\/full-width-page.php","meta":{"footnotes":""},"class_list":["post-212","page","type-page","status-publish","hentry"],"_links":{"self":[{"href":"https:\/\/papelorios.es\/index.php\/wp-json\/wp\/v2\/pages\/212","targetHints":{"allow":["GET"]}}],"collection":[{"href":"https:\/\/papelorios.es\/index.php\/wp-json\/wp\/v2\/pages"}],"about":[{"href":"https:\/\/papelorios.es\/index.php\/wp-json\/wp\/v2\/types\/page"}],"author":[{"embeddable":true,"href":"https:\/\/papelorios.es\/index.php\/wp-json\/wp\/v2\/users\/1"}],"replies":[{"embeddable":true,"href":"https:\/\/papelorios.es\/index.php\/wp-json\/wp\/v2\/comments?post=212"}],"version-history":[{"count":20,"href":"https:\/\/papelorios.es\/index.php\/wp-json\/wp\/v2\/pages\/212\/revisions"}],"predecessor-version":[{"id":2292,"href":"https:\/\/papelorios.es\/index.php\/wp-json\/wp\/v2\/pages\/212\/revisions\/2292"}],"up":[{"embeddable":true,"href":"https:\/\/papelorios.es\/index.php\/wp-json\/wp\/v2\/pages\/39"}],"wp:attachment":[{"href":"https:\/\/papelorios.es\/index.php\/wp-json\/wp\/v2\/media?parent=212"}],"curies":[{"name":"wp","href":"https:\/\/api.w.org\/{rel}","templated":true}]}}